inder when 121 is divided by v.
37
Let f = -592 - -1129. Suppose -s - f = -4*s + 3*o, -5*o = 0. What is the remainder when s is divided by 12?
11
Suppose -2*n = -z + 4 + 4, -4*z - 3*n + 65 = 0. Let g = -4968 + 5064. What is the remainder when g is divided by z?
12
Let l(o) = -5*o + 12. Suppose 3*x + 734 = 5*u, u - 139 = -0*u - 2*x. What is the remainder when u is divided by l(-5)?
34
Let p(u) = u**3 + 4*u**2 - 15*u + 1. Calculate the remainder when 167 is divided by p(-5).
14
What is the remainder when (1/(-2))/(43/(-162368)) is divided by 70?
68
Let p(g) = -2*g + 7. Let s be ((-35)/(-3))/(5/(-15)). Let o = -10 - s. What is the remainder when o is divided by p(-4)?
10
Calculate the remainder when 3658 + 19/(342/(-162)) is divided by 44.
41
What is the remainder when 99 is divided by (5 + 3 + -2 - 13) + 77?
29
Let i(c) = 7*c + 56. Let f be i(-10). Calculate the remainder when 17 is divided by (f/(-7))/(1/7).
3
Let r(s) = s**2 + 14*s + 13. Let o be r(-9). Let h be (-13828)/o + 3/(-24). Calculate the remainder when 22 is divided by (h/168)/((-3)/(-14)).
10
Let v(f) = 7*f - 57. What is the remainder when v(21) is divided by (10/25)/((-2)/(-20)*1)?
2
What is the remainder when 3972 is divided by (4/(-28))/(-1)*959?
136
Let u = 162 + -94. What is the remainder when u is divided by (24*19/513)/(20/270)?
8
Let n be (-8 - 0)/16*-8. Let r(o) = 9*o**2 - 11*o + 38. What is the remainder when r(n) is divided by 48?
42
Let p be (4 + 5064/3)*1. Suppose 4*d + p = 10*d. What is the remainder when 29 is divided by (-2)/5 - (-2 - d/30)?
7
Let g(l) = -17*l + 2103. What is the remainder when 511 is divided by g(94)?
6
Suppose -5*o = -4*k - 70, 2*o = o - 4*k - 10. Suppose 30*p + 50 = 29*p. Let i = p - -56. What is the remainder when o is divided by i?
4
Suppose -2132 = 61*p - 7195. Calculate the remainder when 151 is divided by p.
68
Suppose -n + 461 = 3*w - 269, -2*w = 2*n - 496. Calculate the remainder when 1091 is divided by w.
127
Let a(d) = -124*d + 7444. What is the remainder when (15 - 2) + (-1)/(-1) is divided by a(60)?
2
Suppose -5*j = 361*a - 360*a - 12681, 11*j - 38071 = -3*a. What is the remainder when a is divided by 318?
314
Let x(p) = 3*p**2 - 380*p - 312. What is the remainder when x(129) is divided by 18?
15
What is the remainder when 7857/(-291)*104/(-3) is divided by 33?
12
Suppose 5*o + m - 2 - 1 = 0, -3*o + 5*m - 15 = 0. Suppose 0 = -0*j - 4*j, -4*i + 2*j + 48 = o. Calculate the remainder when 608/28 + (-2)/(-7) is divided by i.
10
Suppose 26*z = 25*z + 88. Let n be (3 + 3)*2*25/(-10). What is the remainder when z is divided by (0 - n) + 0/(-6)?
28
Let n = -263 + 381. Let c = n + -16. What is the remainder when c is divided by 12?
6
Suppose -3*x - 70 = 3*q - 163, x - 107 = -5*q. What is the remainder when (-597)/(-7) + 2/(-7) is divided by q?
9
Suppose 20*z - 32 = 128. Suppose 23 = z*u - 6*u + 3*l, -2*l + 22 = 3*u. Calculate the remainder when 101 is divided by u.
1
Suppose 846 - 138 = 177*f. What is the remainder when 390 is divided by f?
2
Let z(f) = f**3 + 10*f**2 - 22*f + 34. Suppose 2*n = -13 + 5, 3*n = 2*o - 270. Calculate the remainder when o is divided by z(-12).
9
Suppose -5*o + 2*d = -4, 0 = -4*o - 3*d + 9 + 8. Suppose -3*z - 2*p + 29 = -0*z, -o*p = -2. Calculate the remainder when 53 is divided by z.
8
Suppose f = 37*f - 23040. Calculate the remainder when f is divided by 19.
13
Let a(s) = 3*s**2 + 17*s - 286. Calculate the remainder when 384 is divided by a(10).
16
Let k be (-156)/(-26) + (4/2)/2. Suppose -3*x = -8 - k. Let o(y) = 6*y - 11. Calculate the remainder when 70 is divided by o(x).
13
Let q = -18508 - -18703. What is the remainder when q is divided by 40?
35
Let a be -5 + 6/3 - -4 - -1. Suppose -c - a*c + 4*j = -337, 2*j - 234 = -2*c. What is the remainder when c is divided by 24?
19
Calculate the remainder when 344 + -13 + -1 + -4 is divided by 84.
74
Let c = -8081 - -8102. What is the remainder when 694 is divided by c?
1
Let r be (3 - 72/20)*5*-1. Let c be 8/(-2) - (-12)/r. Suppose -i - 5*b + 30 = c, b - 124 = -5*i + 2*b. Calculate the remainder when 48 is divided by i.
23
Calculate the remainder when (132/(-24))/(-11) + 1/(-4)*-8698 is divided by 136.
135
Suppose o - 4*l = 7*o - 2470, 0 = 5*o - 2*l - 2021. Calculate the remainder when o is divided by 83.
75
Let v(x) = -4*x - 109. Let u be v(-28). Suppose -2*n = -6, u*t - 234 = -2*n - 2*n. Calculate the remainder when t is divided by 26.
22
Suppose 0 = -3*z - r + 500, z - 19*r = -14*r + 204. What is the remainder when 4055 is divided by z?
168
Let b(x) = x**3 - x**2 + 4. Let n = -21823 - -21829. What is the remainder when b(3) is divided by n?
4
Let o = -13221 + 13230. What is the remainder when 4760 is divided by o?
8
Suppose -4*b = -38 - 34. Let y = b + -14. Suppose -y*l = -0 - 4, -2*s = 2*l - 20. What is the remainder when 59 is divided by s?
5
Suppose -35*s + 1541 = 421. Suppose s*d = 93*d - 732. Suppose -2*f - 3*f + 115 = 0. Calculate the remainder when f is divided by d.
11
Suppose 3*j = -4*n + 129, 0 = 4*n + 132 - 120. What is the remainder when 697 is divided by j?
39
Let b = 157 - -216. What is the remainder when b is divided by 6?
1
Suppose 0 = 5*x - 2*m - 9927, 2*x + 32*m - 3954 = 37*m. What is the remainder when 3974 is divided by x?
0
Let m = -132 + 142. Let o(y) = y**2 - 5*y - 2. What is the remainder when o(-8) is divided by 1 - 6/m - 20648/(-580)?
30
Calculate the remainder when 184 is divided by 3 - (5 - (7 + 24)).
10
Let c(b) be the first derivative of b**2/2 + 14*b - 100. Calculate the remainder when 82 is divided by c(10).
10
Let g be (-56)/(-4 - 27/(-6)). What is the remainder when (g/18)/(48/(-216)) is divided by 27?
1
Suppose 7*q - 7394 = 2*q + 4*r, 0 = -q - 2*r + 1490. Calculate the remainder when -1*(0 - 0) - -30 is divided by q/133 - (-3)/(-21).
8
Suppose -1436 = -11*i + 2612. Suppose -3*o - i = -2*s, 9*o - 16 = 5*o. Calculate the remainder when s is divided by 28.
22
Suppose -463 - 230 = -3*m. Suppose -4*n + 174 = 5*y - m, -81 = -y - 2*n. Suppose -y = -4*r - 13. What is the remainder when r is divided by 10?
7
Suppose 43 = 12*f - 8*f - 5*i, -i + 53 = 2*f. Calculate the remainder when 746 is divided by f.
20
Suppose -6 = 10*h - 156. Calculate the remainder when 29 is divided by h.
14
Calculate the remainder when (-170)/(((-4)/30)/((-98)/(-490))) is divided by 236.
19
Let w be 12/(-2*(0 + -1)) - 1. Suppose -3*f - 5 = -17, -4*f = -w*z + 69. Calculate the remainder when z is divided by 4.
1
Calculate the remainder when ((5040/(-150))/(-42))/(4/5770*1) is divided by 377.
23
Let x(h) = 28*h + 1912. What is the remainder when x(-24) is divided by 46?
44
Let z(q) = q**3 + 10*q**2 + 4*q - 18. What is the remainder when 712 is divided by z(-6)?
100
Let k = -77 - -77. Suppose -n = -0*t + 2*t - 145, 5*n + t - 707 = k. What is the remainder when n is divided by 568/32 + 2/8?
15
Let k(d) = -12*d**2 + 126*d + 420. Suppose 0 = -q + 4*q + 4*h - 322, -5*q + 5*h = -595. What is the remainder when q is divided by k(13)?
24
Let b(m) be the third derivative of -m**6/40 - 13*m**5/20 - m**4/8 + 10*m**3/3 + 16*m**2. Calculate the remainder when 286 is divided by b(-13).
50
Let v(d) = -18*d - 31. Let p be v(-2). Suppose 11*y - 6*y = -5*f + 460, p*y + 4*f - 460 = 0. What is the remainder when 177 is divided by y?
85
Calculate the remainder when 630 is divided by 402*(-3 - (-7 - 46*(-1)/12)).
27
Suppose 14*p - 1829 + 186 = 1703. Calculate the remainder when p is divided by 49.
43
Suppose 2*s - 6*s = -2*u + 870, s - 5*u = -204. Let i = -195 - s. Calculate the remainder when i is divided by 13.
11
Let k = -1374 + 4761. What is the remainder when k is divided by 30?
27
Suppose 0 = -6*n - 26*n + 4256. Calculate the remainder when n is divided by 24.
13
Let q = 12920 + -8497. Calculate the remainder when q is divided by 25.
23
Suppose -2*y + 9 = g - 1, -4*y = -4*g - 8. Let j(f) = -36 - 30 + 11*f - 6*f + g*f. What is the remainder when 44 is divided by j(12)?
8
Let i = -3210 - -3252. What is the remainder when 1873 is divided by i?
25
Suppose -77*h - 2333 + 42845 = -15159. What is the remainder when h is divided by 25?
23
Let u(f) = 2*f - 12. Suppose -2874*y + 2880*y - 456 = 0. Calculate the remainder when y is divided by u(11).
6
Let v = 16503 + -16428. What is the remai